.
25
Suppose s + 2*i = 2*s + 15, s + 6 = -i. Let y = s - -6. Let j be -14*(-1)/y*-9. What is the greatest common divisor of 14 and j?
14
Let s = 119 - 84. Suppose 0 = 3*r - 110 + s. Calculate the highest common factor of 10 and r.
5
Let p = -71 - -51. Let u(c) = -c**3 - 21*c**2 - 23*c + 17. Let t be u(p). What is the highest common divisor of 11 and t?
11
Let c be (-13)/((-1 + -1)*2)*4. Let i(f) = -f**2 - 26*f + 14. Let n be i(-25). Calculate the highest common factor of c and n.
13
Let o = 33 - 30. Suppose -4 - 2 = o*p. Let a = 28 + p. Calculate the greatest common factor of a and 286.
26
Let y = -17 - -34. Let w = 6 - -16. Suppose -18*t = -w*t + 748. What is the greatest common divisor of y and t?
17
Let o be -24*((-1)/(-2) + 12/(-12)). Calculate the highest common divisor of o and 384.
12
Let a = -367 - -531. What is the highest common divisor of 123 and a?
41
Suppose -11*r - 185 = -372. Let y(j) = -j**3 - 3*j**2 + 3*j. Let n be y(-4). Let a = r + n. Calculate the greatest common factor of 7 and a.
7
Let z(f) = -34*f**3 + f**2. Let t be z(-1). Let h = -26 + t. What is the greatest common factor of 9 and h?
9
Let l be (-2698)/18 + 3/(-27). Let h = -78 - l. Calculate the highest common factor of h and 36.
36
Suppose -n = -4*n + 240. Let d be 22 - 2*(7 + -4). Calculate the greatest common factor of n and d.
16
Let j(f) = 2*f + 18. Let v be j(-11). Let i be 1/v - (162/(-8) + -4). What is the highest common divisor of 12 and i?
12
Suppose 0 = 3*r - 3*h - 156, h = r + 2*r - 154. Let p = 57 - r. Calculate the greatest common divisor of 2 and p.
2
Let g(y) = y + 3. Let w be g(0). Suppose i - 3*h = 8, -i = -4*i - w*h. Let n be (-20)/6*(-9)/i. Calculate the greatest common factor of n and 5.
5
Let q be ((-12)/9)/((-1)/27). Suppose 5*n - 368 = 82. What is the greatest common factor of q and n?
18
Suppose 0 = -5*d - 2 + 27. Suppose -d*j + 154 = -4*s, -2*j + 153 = 3*j - 3*s. Let p = j + -14. Calculate the highest common divisor of p and 24.
8
Suppose -o + 0*o + 36 = 0. Suppose v + 21 = 2*m, -5*m - v + 8 = -27. Let g be 36/m - (-6)/(-12). Calculate the greatest common divisor of o and g.
4
Let u be 3*-3*4726/(-417). Calculate the greatest common factor of u and 187.
17
Let q = -2 - -6. Let r be ((-33)/q)/((-6)/16). Suppose 3*n - l = -0*n + 330, -n + l = -110. What is the highest common divisor of r and n?
22
Suppose 4*x = 4 + 4, -4*p + 3*x = -170. What is the greatest common factor of p and 99?
11
Let h be 2*2/2 + 18. Let r be (87 - 12)*(-2)/3. Let c = -45 - r. Calculate the greatest common divisor of c and h.
5
Suppose 55 = 5*s - 5. Let y = s - -15. What is the greatest common divisor of y and 36?
9
Let n(q) = 19*q + 2. Let k be n(6). Let u be 1*-2 + k/2. Let w be ((-1)/(-1))/(52/416). Calculate the highest common factor of w and u.
8
Suppose 4*b - 3*q + 14 = 0, 0*b - 5*b - 2 = 4*q. Let p be 4/b - 45/(-15). What is the highest common factor of p and 2?
1
Let m(d) = d**2 - 5*d + 22. Let f be m(7). Let h(j) = 9*j**2. Let t be h(-2). What is the greatest common factor of t and f?
36
Let p be ((-4)/10)/((-4)/140). Let m = 9 - 21. Let f be (m/7)/((-2)/p). What is the greatest common divisor of 6 and f?
6
Let s(f) = -f**3 - 4*f**2 - 4*f + 299. Let i be s(0). What is the greatest common divisor of 322 and i?
23
Suppose 3*j - 2 = 2*w, j - 1 = w - 2. Suppose 4*s + o - 13 = s, j*o = -s + 19. Suppose -5*x = -6*x + 27. Calculate the greatest common factor of x and s.
3
Suppose 4*x - 5*m - 26 = 2*x, x - 7 = m. Suppose -x = -3*p + 21. Calculate the highest common divisor of 88 and p.
8
Let a = -296 - -473. Suppose 2*f = w + 372, -5*w - a = 3*f - 4*f. What is the greatest common divisor of 11 and f?
11
Let r = 178 + -153. What is the highest common factor of 125 and r?
25
Suppose 2*u - 8 = 8. Let l(c) = c**3 - 7*c**2 - 9*c + 11. Let a be l(u). Calculate the greatest common divisor of 21 and a.
3
Let d be ((-4)/10)/((-2)/900). Let i = -12 + 21. Let o be 186/i + 2/(-3). Calculate the highest common factor of o and d.
20
Let a = 479 - 157. What is the greatest common factor of a and 14?
14
Suppose 0 = 2*x - 3 - 137. Let o = 203 + -98. Calculate the greatest common divisor of x and o.
35
Suppose -16*u + 168 = 12*u. Suppose k - 6 - 9 = 2*i, -24 = 3*i - k. Let a = u - i. Calculate the highest common factor of a and 60.
15
Let z be 22/(-110) - (-3)/((-30)/(-4832)). What is the highest common divisor of z and 21?
21
Let t(g) = g. Let c be t(6). Suppose -27 + 17 = -2*p. Let f be (-18)/(p + (-64)/12). What is the highest common divisor of c and f?
6
Let v(u) = -u**3 + 8*u**2 - 7*u - 5. Let q be v(6). Let p(y) = -21*y**3 - 2*y + 2. Let m be p(1). Let n = q + m. What is the highest common factor of 8 and n?
4
Let r(z) = 4*z**2 + 36*z + 24. Let d be 4 - ((-140)/(-8) - 2/(-4)). Let y be r(d). What is the greatest common factor of 38 and y?
38
Suppose 2 + 6 = 2*a. Suppose 5*u - 106 = -2*w, -5*w - 85 = -2*u - 3*u. Let b = u - a. Calculate the highest common factor of b and 112.
16
Let a = 32 + -25. Let k = -9 + a. Let f be ((-4)/16)/(k/104). What is the greatest common divisor of 91 and f?
13
Let v be 4/22 + (-3604)/(-22). Suppose 128 = 2*k + 4*q, 3*k - 3*q + 2*q - v = 0. Calculate the highest common factor of k and 16.
8
Let w be 4/26 + 2802/39. Let b = 111 - w. Calculate the highest common factor of b and 429.
39
Suppose 0 = -3*i - 3 + 9. Let v(k) be the second derivative of 5*k**4/3 - k**3/2 + k**2/2 + 3*k. Let f be v(i). What is the highest common factor of f and 30?
15
Let x = -24 + 38. Suppose 0 = 3*w + 4*d - 21, d - x = -w + 2*d. Let b be (11/(-2))/(1/(-2)). What is the highest common factor of w and b?
11
Suppose -2*u + 3*f + 2*f + 97 = 0, 0 = -3*u + 2*f + 129. What is the highest common divisor of 1066 and u?
41
Suppose 5*a + t = 1300, -3*t - 256 = -a - 4*t. Calculate the greatest common divisor of 9 and a.
9
Let h(s) = -s**3 + 6*s**2 + 4*s - 41. Let p be h(5). Let r = 9 - 1. What is the greatest common divisor of r and p?
4
Let m(g) = -g + 9. Let r be m(-1). Let f(b) = -53*b**2 - 2*b - 1. Let q be f(-1). Let d be 6/21 - q/14. Calculate the highest common factor of d and r.
2
Let b(v) = 5*v - 1. Let p be b(1). Suppose 0 = 2*w + k + 9 - 33, -3*k = -4*w + 48. What is the highest common divisor of p and w?
4
Let u be (-11)/(99/(-60))*78/65. Suppose 5*z - 5*a - 1015 = 0, 0*z + 585 = 3*z + 5*a. What is the highest common divisor of z and u?
8
Let f be (-3)/(2*12/(-208)). Calculate the highest common factor of 182 and f.
26
Let j(u) = u**3 - 15*u**2 + u + 25. Let n be j(15). Suppose -2*m + 6*p + 22 = 3*p, 3*p = 4*m - 32. Calculate the greatest common divisor of m and n.
5
Suppose -4620 = 320*v - 332*v. Calculate the greatest common factor of v and 55.
55
Suppose -323 = -242*r + 225*r. Calculate the highest common factor of r and 304.
19
Let z be (2142/28)/(((-1)/14)/(-1)). What is the greatest common divisor of z and 63?
63
Let c(z) = -94*z + 1. Let u(r) = -47*r. Let q(i) = 2*c(i) - 5*u(i). Let a be q(2). Calculate the greatest common factor of a and 6.
6
Suppose -10*q = -12*q. Suppose -2*c + 652 = -j - q*j, -5*j + 1332 = 4*c. What is the highest common factor of c and 41?
41
Let h(l) = -l**3 - 7*l**2 - 5*l + 8. Let p be (8/(-6))/(7/(-42)). Suppose 20 - p = -2*f. Let u be h(f). Calculate the greatest common factor of 22 and u.
2
Suppose r - 9 = 2*m, 0*m + 2*r = -3*m - 3. Let s = 21 + m. Calculate the highest common divisor of s and 198.
18
Let l = 158 - 14. What is the highest common factor of l and 192?
48
Let x be ((5 - 61)/(-1))/(2/3). Suppose x*s + 44 = 86*s. What is the highest common divisor of s and 44?
22
Suppose -4*w - 2*t = -w - 54, w + 2*t - 14 = 0. Let c be 180/(-7)*(11 - 18). Calculate the greatest common factor of w and c.
20
Let h = 95 + -25. Suppose 3*w - h = -2*w. Calculate the greatest common factor of 154 and w.
14
Let s(x) = 26*x - 3. Let l be s(3). Suppose -20*v = -8*v - 600. What is the greatest common divisor of v and l?
25
Let v(p) = -7*p - 24. Suppose -2*t - 18 = -6. Let l be v(t). Calculate the greatest common divisor of l and 90.
18
Suppose -30 = -4*c - 3*p, 2*p = 8*c - 5*c - 14. Let q be 2/6 + 17/3. Let u = c + q. Calculate the greatest common divisor of 48 and u.
12
Let p = 160 + -158. What is the highest common divisor of 1 and p?
1
Let t = -722 